{"id":2836,"date":"2019-04-07T08:54:57","date_gmt":"2019-04-07T08:54:57","guid":{"rendered":"https:\/\/www.oco.ie\/?post_type=library&#038;p=2836"},"modified":"2019-05-13T14:56:25","modified_gmt":"2019-05-13T14:56:25","slug":"molly-one-year-on","status":"publish","type":"library","link":"https:\/\/www.oco.ie\/ga\/library\/molly-one-year-on\/","title":{"rendered":"Molly One Year On"},"content":{"rendered":"<p>In 2018 the Ombudsman for Children\u2019s Office published Molly\u2019s case, a report detailing a complaint we received about a child with a disability who is in foster care. Twelve months on we are returning to this case and tracking the progress made by the HSE and Tusla on commitments made in response to last year\u2019s report.<\/p>\n<p>&nbsp;<\/p>\n<p><a href=\"https:\/\/www.oco.ie\/app\/uploads\/2019\/04\/Molly-One-Year-On.pdf\">Molly One Year On<\/a><\/p>\n","protected":false},"author":2,"featured_media":0,"template":"","class_list":["post-2836","library","type-library","status-publish","hentry","resource_type-report","resource_topic-children-in-care","resource_topic-disability"],"acf":[],"yoast_head":"<!-- This site is optimized with the Yoast SEO plugin v28.3 - https:\/\/yoast.com\/product\/yoast-seo-wordpress\/ -->\n<title>Molly One Year On - Ombudsman for Children<\/title>\n<meta name=\"robots\" content=\"index, follow, max-snippet:-1, max-image-preview:large, max-video-preview:-1\" \/>\n<link rel=\"canonical\" href=\"https:\/\/www.oco.ie\/ga\/library\/molly-one-year-on\/\" \/>\n<meta property=\"og:locale\" content=\"ga_IE\" \/>\n<meta property=\"og:type\" content=\"article\" \/>\n<meta property=\"og:title\" content=\"Molly One Year On - Ombudsman for Children\" \/>\n<meta property=\"og:description\" content=\"In 2018 the Ombudsman for Children\u2019s Office published Molly\u2019s case, a report detailing a complaint we received about a child with a disability who is in foster care. Twelve months on we are returning to this ...\" \/>\n<meta property=\"og:url\" content=\"https:\/\/www.oco.ie\/ga\/library\/molly-one-year-on\/\" \/>\n<meta property=\"og:site_name\" content=\"Ombudsman for Children\" \/>\n<meta property=\"article:publisher\" content=\"https:\/\/www.facebook.com\/OCOIreland\/\" \/>\n<meta property=\"article:modified_time\" content=\"2019-05-13T14:56:25+00:00\" \/>\n<meta name=\"twitter:card\" content=\"summary_large_image\" \/>\n<meta name=\"twitter:site\" content=\"@OCO_ireland\" \/>\n<script type=\"application\/ld+json\" class=\"yoast-schema-graph\">{\"@context\":\"https:\\\/\\\/schema.org\",\"@graph\":[{\"@type\":\"WebPage\",\"@id\":\"https:\\\/\\\/www.oco.ie\\\/ga\\\/library\\\/molly-one-year-on\\\/\",\"url\":\"https:\\\/\\\/www.oco.ie\\\/ga\\\/library\\\/molly-one-year-on\\\/\",\"name\":\"Molly One Year On - Ombudsman for Children\",\"isPartOf\":{\"@id\":\"https:\\\/\\\/preprod.oco.ie\\\/#website\"},\"datePublished\":\"2019-04-07T08:54:57+00:00\",\"dateModified\":\"2019-05-13T14:56:25+00:00\",\"breadcrumb\":{\"@id\":\"https:\\\/\\\/www.oco.ie\\\/ga\\\/library\\\/molly-one-year-on\\\/#breadcrumb\"},\"inLanguage\":\"ga-IE\",\"potentialAction\":[{\"@type\":\"ReadAction\",\"target\":[\"https:\\\/\\\/www.oco.ie\\\/ga\\\/library\\\/molly-one-year-on\\\/\"]}]},{\"@type\":\"BreadcrumbList\",\"@id\":\"https:\\\/\\\/www.oco.ie\\\/ga\\\/library\\\/molly-one-year-on\\\/#breadcrumb\",\"itemListElement\":[{\"@type\":\"ListItem\",\"position\":1,\"name\":\"Baile\",\"item\":\"https:\\\/\\\/www.oco.ie\\\/ga\\\/\"},{\"@type\":\"ListItem\",\"position\":2,\"name\":\"Library\",\"item\":\"https:\\\/\\\/www.oco.ie\\\/ga\\\/library\\\/\"},{\"@type\":\"ListItem\",\"position\":3,\"name\":\"Molly One Year On\"}]},{\"@type\":\"WebSite\",\"@id\":\"https:\\\/\\\/preprod.oco.ie\\\/#website\",\"url\":\"https:\\\/\\\/preprod.oco.ie\\\/\",\"name\":\"Ombudsman for Children\",\"description\":\"The OCO investigates complaints about services provided to children by public organisations. The service is free and independent.\",\"publisher\":{\"@id\":\"https:\\\/\\\/preprod.oco.ie\\\/#organization\"},\"potentialAction\":[{\"@type\":\"SearchAction\",\"target\":{\"@type\":\"EntryPoint\",\"urlTemplate\":\"https:\\\/\\\/preprod.oco.ie\\\/?s={search_term_string}\"},\"query-input\":{\"@type\":\"PropertyValueSpecification\",\"valueRequired\":true,\"valueName\":\"search_term_string\"}}],\"inLanguage\":\"ga-IE\"},{\"@type\":\"Organization\",\"@id\":\"https:\\\/\\\/preprod.oco.ie\\\/#organization\",\"name\":\"The Ombudsman for Children\u2019s Office\",\"url\":\"https:\\\/\\\/preprod.oco.ie\\\/\",\"logo\":{\"@type\":\"ImageObject\",\"inLanguage\":\"ga-IE\",\"@id\":\"https:\\\/\\\/preprod.oco.ie\\\/#\\\/schema\\\/logo\\\/image\\\/\",\"url\":\"https:\\\/\\\/www.oco.ie\\\/app\\\/uploads\\\/2018\\\/01\\\/oco.png\",\"contentUrl\":\"https:\\\/\\\/www.oco.ie\\\/app\\\/uploads\\\/2018\\\/01\\\/oco.png\",\"width\":228,\"height\":78,\"caption\":\"The Ombudsman for Children\u2019s Office\"},\"image\":{\"@id\":\"https:\\\/\\\/preprod.oco.ie\\\/#\\\/schema\\\/logo\\\/image\\\/\"},\"sameAs\":[\"https:\\\/\\\/www.facebook.com\\\/OCOIreland\\\/\",\"https:\\\/\\\/x.com\\\/OCO_ireland\",\"https:\\\/\\\/www.instagram.com\\\/ombudsmanforchildren\\\/\",\"https:\\\/\\\/www.youtube.com\\\/user\\\/OCOIreland\"]}]}<\/script>\n<!-- \/ Yoast SEO plugin. -->","yoast_head_json":{"title":"Molly One Year On - Ombudsman for Children","robots":{"index":"index","follow":"follow","max-snippet":"max-snippet:-1","max-image-preview":"max-image-preview:large","max-video-preview":"max-video-preview:-1"},"canonical":"https:\/\/www.oco.ie\/ga\/library\/molly-one-year-on\/","og_locale":"ga_IE","og_type":"article","og_title":"Molly One Year On - Ombudsman for Children","og_description":"In 2018 the Ombudsman for Children\u2019s Office published Molly\u2019s case, a report detailing a complaint we received about a child with a disability who is in foster care. Twelve months on we are returning to this ...","og_url":"https:\/\/www.oco.ie\/ga\/library\/molly-one-year-on\/","og_site_name":"Ombudsman for Children","article_publisher":"https:\/\/www.facebook.com\/OCOIreland\/","article_modified_time":"2019-05-13T14:56:25+00:00","twitter_card":"summary_large_image","twitter_site":"@OCO_ireland","schema":{"@context":"https:\/\/schema.org","@graph":[{"@type":"WebPage","@id":"https:\/\/www.oco.ie\/ga\/library\/molly-one-year-on\/","url":"https:\/\/www.oco.ie\/ga\/library\/molly-one-year-on\/","name":"Molly One Year On - Ombudsman for Children","isPartOf":{"@id":"https:\/\/preprod.oco.ie\/#website"},"datePublished":"2019-04-07T08:54:57+00:00","dateModified":"2019-05-13T14:56:25+00:00","breadcrumb":{"@id":"https:\/\/www.oco.ie\/ga\/library\/molly-one-year-on\/#breadcrumb"},"inLanguage":"ga-IE","potentialAction":[{"@type":"ReadAction","target":["https:\/\/www.oco.ie\/ga\/library\/molly-one-year-on\/"]}]},{"@type":"BreadcrumbList","@id":"https:\/\/www.oco.ie\/ga\/library\/molly-one-year-on\/#breadcrumb","itemListElement":[{"@type":"ListItem","position":1,"name":"Baile","item":"https:\/\/www.oco.ie\/ga\/"},{"@type":"ListItem","position":2,"name":"Library","item":"https:\/\/www.oco.ie\/ga\/library\/"},{"@type":"ListItem","position":3,"name":"Molly One Year On"}]},{"@type":"WebSite","@id":"https:\/\/preprod.oco.ie\/#website","url":"https:\/\/preprod.oco.ie\/","name":"Ombudsman for Children","description":"The OCO investigates complaints about services provided to children by public organisations. The service is free and independent.","publisher":{"@id":"https:\/\/preprod.oco.ie\/#organization"},"potentialAction":[{"@type":"SearchAction","target":{"@type":"EntryPoint","urlTemplate":"https:\/\/preprod.oco.ie\/?s={search_term_string}"},"query-input":{"@type":"PropertyValueSpecification","valueRequired":true,"valueName":"search_term_string"}}],"inLanguage":"ga-IE"},{"@type":"Organization","@id":"https:\/\/preprod.oco.ie\/#organization","name":"The Ombudsman for Children\u2019s Office","url":"https:\/\/preprod.oco.ie\/","logo":{"@type":"ImageObject","inLanguage":"ga-IE","@id":"https:\/\/preprod.oco.ie\/#\/schema\/logo\/image\/","url":"https:\/\/www.oco.ie\/app\/uploads\/2018\/01\/oco.png","contentUrl":"https:\/\/www.oco.ie\/app\/uploads\/2018\/01\/oco.png","width":228,"height":78,"caption":"The Ombudsman for Children\u2019s Office"},"image":{"@id":"https:\/\/preprod.oco.ie\/#\/schema\/logo\/image\/"},"sameAs":["https:\/\/www.facebook.com\/OCOIreland\/","https:\/\/x.com\/OCO_ireland","https:\/\/www.instagram.com\/ombudsmanforchildren\/","https:\/\/www.youtube.com\/user\/OCOIreland"]}]}},"spectra_custom_meta":{"_edit_lock":["1557759287:2"],"_edit_last":["2"],"documents":["2"],"_documents":["field_59fb03b22f9da"],"irishTitle":["Molly Bliain Ar Aghaidh"],"irishContent":["In 2018, d'fhoilsigh Oifig an Ombudsman do Leana\u00ed c\u00e1s Molly, tuarasc\u00e1il a shonra\u00edonn gear\u00e1n a fuaireamar faoi leanbh faoi mh\u00edchumas at\u00e1 i gc\u00faram altramais. Dh\u00e1 mh\u00ed dh\u00e9ag ar aghaidh t\u00e1imid ag filleadh ar an gc\u00e1s seo agus ag rian\u00fa an dul chun cinn at\u00e1 d\u00e9anta ag FSS agus Tusla maidir le tiomantais a rinneadh mar fhreagra ar thuarasc\u00e1il na bliana seo caite."],"irishSecondaryTitle":[""],"_yoast_wpseo_primary_resource_type":["10"],"_yoast_wpseo_primary_resource_topic":["26"],"_yoast_wpseo_content_score":["60"],"documents_0_document_title":["Molly One Year On"],"_documents_0_document_title":["field_59fb055b2f9db"],"documents_0_document":["2845"],"_documents_0_document":["field_59fb06252f9dc"],"documents_0_document_url":[""],"_documents_0_document_url":["field_59fb33d397757"],"documents_1_document_title":["Molly One Year On Gaeilge"],"_documents_1_document_title":["field_59fb055b2f9db"],"irishCaption":[""],"documents_1_document":["2876"],"_documents_1_document":["field_59fb06252f9dc"],"documents_1_document_url":[""],"_documents_1_document_url":["field_59fb33d397757"],"_sbi_oembed_done_checking":["1"],"_wpml_word_count":["60"],"_uag_page_assets":["a:9:{s:3:\"css\";s:0:\"\";s:2:\"js\";s:0:\"\";s:18:\"current_block_list\";a:0:{}s:8:\"uag_flag\";b:0;s:11:\"uag_version\";s:10:\"1788044733\";s:6:\"gfonts\";a:0:{}s:10:\"gfonts_url\";s:0:\"\";s:12:\"gfonts_files\";a:0:{}s:14:\"uag_faq_layout\";b:0;}"]},"uagb_featured_image_src":{"full":false,"thumbnail":false,"medium":false,"medium_large":false,"large":false,"1536x1536":false,"2048x2048":false,"post-thumbnail":false,"size_150x150":false,"gform-image-choice-sm":false,"gform-image-choice-md":false,"gform-image-choice-lg":false},"uagb_author_info":{"display_name":"Aoife Carragher","author_link":"https:\/\/www.oco.ie\/ga\/news\/author\/aoife\/"},"uagb_comment_info":0,"uagb_excerpt":"In 2018 the Ombudsman for Children\u2019s Office published Molly\u2019s case, a report detailing a complaint we received about a child with a disability who is in foster care. Twelve months on we are returning to this ...","_links":{"self":[{"href":"https:\/\/www.oco.ie\/ga\/wp-json\/wp\/v2\/library\/2836","targetHints":{"allow":["GET"]}}],"collection":[{"href":"https:\/\/www.oco.ie\/ga\/wp-json\/wp\/v2\/library"}],"about":[{"href":"https:\/\/www.oco.ie\/ga\/wp-json\/wp\/v2\/types\/library"}],"author":[{"embeddable":true,"href":"https:\/\/www.oco.ie\/ga\/wp-json\/wp\/v2\/users\/2"}],"wp:attachment":[{"href":"https:\/\/www.oco.ie\/ga\/wp-json\/wp\/v2\/media?parent=2836"}],"curies":[{"name":"wp","href":"https:\/\/api.w.org\/{rel}","templated":true}]}}

In 2018, d'fhoilsigh Oifig an Ombudsman do Leanaí cás Molly, tuarascáil a shonraíonn gearán a fuaireamar faoi leanbh faoi mhíchumas atá i gcúram altramais. Dhá mhí dhéag ar aghaidh táimid ag filleadh ar an gcás seo agus ag rianú an dul chun cinn atá déanta ag FSS agus Tusla maidir le tiomantais a rinneadh mar fhreagra ar thuarascáil na bliana seo caite.
