{"id":2834,"date":"2019-04-03T07:55:30","date_gmt":"2019-04-03T07:55:30","guid":{"rendered":"https:\/\/www.oco.ie\/?post_type=library&#038;p=2834"},"modified":"2019-04-23T14:04:21","modified_gmt":"2019-04-23T14:04:21","slug":"oco-submission-on-mental-health-amendment-bill-2016","status":"publish","type":"library","link":"https:\/\/www.oco.ie\/ga\/library\/oco-submission-on-mental-health-amendment-bill-2016\/","title":{"rendered":"Submission on Mental Health (Amendment) Bill 2016"},"content":{"rendered":"<p>The Ombudsman for Children\u2019s Office was invited to make a submission to the Oireachtas Joint Committee on Health on the Mental Health (Amendment) Bill 2016 in March 2019 to be submitted in early April. Due to the short time frame\u00a0available, this short submission was made in the form of a letter from the Ombudsman for Children, Dr Niall Muldoon to the Chairperson of the Committee, Dr Micheal Harty TD<\/p>\n<p>&nbsp;<\/p>\n","protected":false},"author":2,"featured_media":0,"template":"","class_list":["post-2834","library","type-library","status-publish","hentry","resource_type-submission","resource_topic-mental-health"],"acf":[],"yoast_head":"<!-- This site is optimized with the Yoast SEO plugin v28.3 - https:\/\/yoast.com\/product\/yoast-seo-wordpress\/ -->\n<title>Submission on Mental Health (Amendment) Bill 2016 - Ombudsman for Children<\/title>\n<meta name=\"robots\" content=\"index, follow, max-snippet:-1, max-image-preview:large, max-video-preview:-1\" \/>\n<link rel=\"canonical\" href=\"https:\/\/www.oco.ie\/ga\/library\/oco-submission-on-mental-health-amendment-bill-2016\/\" \/>\n<meta property=\"og:locale\" content=\"ga_IE\" \/>\n<meta property=\"og:type\" content=\"article\" \/>\n<meta property=\"og:title\" content=\"Submission on Mental Health (Amendment) Bill 2016 - Ombudsman for Children\" \/>\n<meta property=\"og:description\" content=\"The Ombudsman for Children\u2019s Office was invited to make a submission to the Oireachtas Joint Committee on Health on the Mental Health (Amendment) Bill 2016 in March 2019 to be submitted in early April. Due to ...\" \/>\n<meta property=\"og:url\" content=\"https:\/\/www.oco.ie\/ga\/library\/oco-submission-on-mental-health-amendment-bill-2016\/\" \/>\n<meta property=\"og:site_name\" content=\"Ombudsman for Children\" \/>\n<meta property=\"article:publisher\" content=\"https:\/\/www.facebook.com\/OCOIreland\/\" \/>\n<meta property=\"article:modified_time\" content=\"2019-04-23T14:04:21+00:00\" \/>\n<meta name=\"twitter:card\" content=\"summary_large_image\" \/>\n<meta name=\"twitter:site\" content=\"@OCO_ireland\" \/>\n<script type=\"application\/ld+json\" class=\"yoast-schema-graph\">{\"@context\":\"https:\\\/\\\/schema.org\",\"@graph\":[{\"@type\":\"WebPage\",\"@id\":\"https:\\\/\\\/www.oco.ie\\\/ga\\\/library\\\/oco-submission-on-mental-health-amendment-bill-2016\\\/\",\"url\":\"https:\\\/\\\/www.oco.ie\\\/ga\\\/library\\\/oco-submission-on-mental-health-amendment-bill-2016\\\/\",\"name\":\"Submission on Mental Health (Amendment) Bill 2016 - Ombudsman for Children\",\"isPartOf\":{\"@id\":\"https:\\\/\\\/preprod.oco.ie\\\/#website\"},\"datePublished\":\"2019-04-03T07:55:30+00:00\",\"dateModified\":\"2019-04-23T14:04:21+00:00\",\"breadcrumb\":{\"@id\":\"https:\\\/\\\/www.oco.ie\\\/ga\\\/library\\\/oco-submission-on-mental-health-amendment-bill-2016\\\/#breadcrumb\"},\"inLanguage\":\"ga-IE\",\"potentialAction\":[{\"@type\":\"ReadAction\",\"target\":[\"https:\\\/\\\/www.oco.ie\\\/ga\\\/library\\\/oco-submission-on-mental-health-amendment-bill-2016\\\/\"]}]},{\"@type\":\"BreadcrumbList\",\"@id\":\"https:\\\/\\\/www.oco.ie\\\/ga\\\/library\\\/oco-submission-on-mental-health-amendment-bill-2016\\\/#breadcrumb\",\"itemListElement\":[{\"@type\":\"ListItem\",\"position\":1,\"name\":\"Baile\",\"item\":\"https:\\\/\\\/www.oco.ie\\\/ga\\\/\"},{\"@type\":\"ListItem\",\"position\":2,\"name\":\"Library\",\"item\":\"https:\\\/\\\/www.oco.ie\\\/ga\\\/library\\\/\"},{\"@type\":\"ListItem\",\"position\":3,\"name\":\"Submission on Mental Health (Amendment) Bill 2016\"}]},{\"@type\":\"WebSite\",\"@id\":\"https:\\\/\\\/preprod.oco.ie\\\/#website\",\"url\":\"https:\\\/\\\/preprod.oco.ie\\\/\",\"name\":\"Ombudsman for Children\",\"description\":\"The OCO investigates complaints about services provided to children by public organisations. The service is free and independent.\",\"publisher\":{\"@id\":\"https:\\\/\\\/preprod.oco.ie\\\/#organization\"},\"potentialAction\":[{\"@type\":\"SearchAction\",\"target\":{\"@type\":\"EntryPoint\",\"urlTemplate\":\"https:\\\/\\\/preprod.oco.ie\\\/?s={search_term_string}\"},\"query-input\":{\"@type\":\"PropertyValueSpecification\",\"valueRequired\":true,\"valueName\":\"search_term_string\"}}],\"inLanguage\":\"ga-IE\"},{\"@type\":\"Organization\",\"@id\":\"https:\\\/\\\/preprod.oco.ie\\\/#organization\",\"name\":\"The Ombudsman for Children\u2019s Office\",\"url\":\"https:\\\/\\\/preprod.oco.ie\\\/\",\"logo\":{\"@type\":\"ImageObject\",\"inLanguage\":\"ga-IE\",\"@id\":\"https:\\\/\\\/preprod.oco.ie\\\/#\\\/schema\\\/logo\\\/image\\\/\",\"url\":\"https:\\\/\\\/www.oco.ie\\\/app\\\/uploads\\\/2018\\\/01\\\/oco.png\",\"contentUrl\":\"https:\\\/\\\/www.oco.ie\\\/app\\\/uploads\\\/2018\\\/01\\\/oco.png\",\"width\":228,\"height\":78,\"caption\":\"The Ombudsman for Children\u2019s Office\"},\"image\":{\"@id\":\"https:\\\/\\\/preprod.oco.ie\\\/#\\\/schema\\\/logo\\\/image\\\/\"},\"sameAs\":[\"https:\\\/\\\/www.facebook.com\\\/OCOIreland\\\/\",\"https:\\\/\\\/x.com\\\/OCO_ireland\",\"https:\\\/\\\/www.instagram.com\\\/ombudsmanforchildren\\\/\",\"https:\\\/\\\/www.youtube.com\\\/user\\\/OCOIreland\"]}]}<\/script>\n<!-- \/ Yoast SEO plugin. -->","yoast_head_json":{"title":"Submission on Mental Health (Amendment) Bill 2016 - Ombudsman for Children","robots":{"index":"index","follow":"follow","max-snippet":"max-snippet:-1","max-image-preview":"max-image-preview:large","max-video-preview":"max-video-preview:-1"},"canonical":"https:\/\/www.oco.ie\/ga\/library\/oco-submission-on-mental-health-amendment-bill-2016\/","og_locale":"ga_IE","og_type":"article","og_title":"Submission on Mental Health (Amendment) Bill 2016 - Ombudsman for Children","og_description":"The Ombudsman for Children\u2019s Office was invited to make a submission to the Oireachtas Joint Committee on Health on the Mental Health (Amendment) Bill 2016 in March 2019 to be submitted in early April. Due to ...","og_url":"https:\/\/www.oco.ie\/ga\/library\/oco-submission-on-mental-health-amendment-bill-2016\/","og_site_name":"Ombudsman for Children","article_publisher":"https:\/\/www.facebook.com\/OCOIreland\/","article_modified_time":"2019-04-23T14:04:21+00:00","twitter_card":"summary_large_image","twitter_site":"@OCO_ireland","schema":{"@context":"https:\/\/schema.org","@graph":[{"@type":"WebPage","@id":"https:\/\/www.oco.ie\/ga\/library\/oco-submission-on-mental-health-amendment-bill-2016\/","url":"https:\/\/www.oco.ie\/ga\/library\/oco-submission-on-mental-health-amendment-bill-2016\/","name":"Submission on Mental Health (Amendment) Bill 2016 - Ombudsman for Children","isPartOf":{"@id":"https:\/\/preprod.oco.ie\/#website"},"datePublished":"2019-04-03T07:55:30+00:00","dateModified":"2019-04-23T14:04:21+00:00","breadcrumb":{"@id":"https:\/\/www.oco.ie\/ga\/library\/oco-submission-on-mental-health-amendment-bill-2016\/#breadcrumb"},"inLanguage":"ga-IE","potentialAction":[{"@type":"ReadAction","target":["https:\/\/www.oco.ie\/ga\/library\/oco-submission-on-mental-health-amendment-bill-2016\/"]}]},{"@type":"BreadcrumbList","@id":"https:\/\/www.oco.ie\/ga\/library\/oco-submission-on-mental-health-amendment-bill-2016\/#breadcrumb","itemListElement":[{"@type":"ListItem","position":1,"name":"Baile","item":"https:\/\/www.oco.ie\/ga\/"},{"@type":"ListItem","position":2,"name":"Library","item":"https:\/\/www.oco.ie\/ga\/library\/"},{"@type":"ListItem","position":3,"name":"Submission on Mental Health (Amendment) Bill 2016"}]},{"@type":"WebSite","@id":"https:\/\/preprod.oco.ie\/#website","url":"https:\/\/preprod.oco.ie\/","name":"Ombudsman for Children","description":"The OCO investigates complaints about services provided to children by public organisations. The service is free and independent.","publisher":{"@id":"https:\/\/preprod.oco.ie\/#organization"},"potentialAction":[{"@type":"SearchAction","target":{"@type":"EntryPoint","urlTemplate":"https:\/\/preprod.oco.ie\/?s={search_term_string}"},"query-input":{"@type":"PropertyValueSpecification","valueRequired":true,"valueName":"search_term_string"}}],"inLanguage":"ga-IE"},{"@type":"Organization","@id":"https:\/\/preprod.oco.ie\/#organization","name":"The Ombudsman for Children\u2019s Office","url":"https:\/\/preprod.oco.ie\/","logo":{"@type":"ImageObject","inLanguage":"ga-IE","@id":"https:\/\/preprod.oco.ie\/#\/schema\/logo\/image\/","url":"https:\/\/www.oco.ie\/app\/uploads\/2018\/01\/oco.png","contentUrl":"https:\/\/www.oco.ie\/app\/uploads\/2018\/01\/oco.png","width":228,"height":78,"caption":"The Ombudsman for Children\u2019s Office"},"image":{"@id":"https:\/\/preprod.oco.ie\/#\/schema\/logo\/image\/"},"sameAs":["https:\/\/www.facebook.com\/OCOIreland\/","https:\/\/x.com\/OCO_ireland","https:\/\/www.instagram.com\/ombudsmanforchildren\/","https:\/\/www.youtube.com\/user\/OCOIreland"]}]}},"spectra_custom_meta":{"_edit_lock":["1556028120:2"],"_edit_last":["2"],"documents":["2"],"_documents":["field_59fb03b22f9da"],"irishTitle":["Aighneacht chuig an gComhchoiste Oireachtais um Shl\u00e1inte ar an mBille Meabhair-Shl\u00e1inte (Leas\u00fa) 2016 "],"irishContent":["Iarradh ar Oifig an Ombudsman do Leana\u00ed aighneacht a dh\u00e9anamh chuig an gComhchoiste Oireachtais um Shl\u00e1inte ar an mBille Meabhair-Shl\u00e1inte (Leas\u00fa) 2016 i M\u00e1rta 2019 le cur isteach go luath i m\u00ed Aibre\u00e1in. Mar gheall ar an bhfr\u00e1ma ama gearr at\u00e1 ar f\u00e1il, rinneadh an aighneacht ghearr seo i bhfoirm litreach \u00f3n Ombudsman do Leana\u00ed, an Dr Niall Muldoon chuig Cathaoirleach an Choiste, an Dr Micheal Harty TD.\r\n\r\n&nbsp;"],"irishSecondaryTitle":[""],"_yoast_wpseo_primary_resource_type":["9"],"_yoast_wpseo_primary_resource_topic":["27"],"_yoast_wpseo_content_score":["30"],"documents_0_document_title":["Ombudsman for Children submission on Mental Health (Amendment)Bill2016"],"_documents_0_document_title":["field_59fb055b2f9db"],"documents_0_document":["2835"],"_documents_0_document":["field_59fb06252f9dc"],"documents_0_document_url":[""],"_documents_0_document_url":["field_59fb33d397757"],"documents_1_document_title":["Aighneacht chuig an gComhchoiste Oireachtais um Shl\u00e1inte ar an mBille Meabhair-Shl\u00e1inte (Leas\u00fa) 2016"],"_documents_1_document_title":["field_59fb055b2f9db"],"documents_1_document":["2838"],"_documents_1_document":["field_59fb06252f9dc"],"documents_1_document_url":[""],"_documents_1_document_url":["field_59fb33d397757"],"_sbi_oembed_done_checking":["1"],"_wpml_word_count":["75"],"_uag_page_assets":["a:9:{s:3:\"css\";s:0:\"\";s:2:\"js\";s:0:\"\";s:18:\"current_block_list\";a:0:{}s:8:\"uag_flag\";b:0;s:11:\"uag_version\";s:10:\"1788130826\";s:6:\"gfonts\";a:0:{}s:10:\"gfonts_url\";s:0:\"\";s:12:\"gfonts_files\";a:0:{}s:14:\"uag_faq_layout\";b:0;}"]},"uagb_featured_image_src":{"full":false,"thumbnail":false,"medium":false,"medium_large":false,"large":false,"1536x1536":false,"2048x2048":false,"post-thumbnail":false,"size_150x150":false,"gform-image-choice-sm":false,"gform-image-choice-md":false,"gform-image-choice-lg":false},"uagb_author_info":{"display_name":"Aoife Carragher","author_link":"https:\/\/www.oco.ie\/ga\/news\/author\/aoife\/"},"uagb_comment_info":0,"uagb_excerpt":"The Ombudsman for Children\u2019s Office was invited to make a submission to the Oireachtas Joint Committee on Health on the Mental Health (Amendment) Bill 2016 in March 2019 to be submitted in early April. Due to ...","_links":{"self":[{"href":"https:\/\/www.oco.ie\/ga\/wp-json\/wp\/v2\/library\/2834","targetHints":{"allow":["GET"]}}],"collection":[{"href":"https:\/\/www.oco.ie\/ga\/wp-json\/wp\/v2\/library"}],"about":[{"href":"https:\/\/www.oco.ie\/ga\/wp-json\/wp\/v2\/types\/library"}],"author":[{"embeddable":true,"href":"https:\/\/www.oco.ie\/ga\/wp-json\/wp\/v2\/users\/2"}],"wp:attachment":[{"href":"https:\/\/www.oco.ie\/ga\/wp-json\/wp\/v2\/media?parent=2834"}],"curies":[{"name":"wp","href":"https:\/\/api.w.org\/{rel}","templated":true}]}}

Aighneacht chuig an gComhchoiste Oireachtais um Shláinte ar an mBille Meabhair-Shláinte (Leasú) 2016

Iarradh ar Oifig an Ombudsman do Leanaí aighneacht a dhéanamh chuig an gComhchoiste Oireachtais um Shláinte ar an mBille Meabhair-Shláinte (Leasú) 2016 i Márta 2019 le cur isteach go luath i mí Aibreáin. Mar gheall ar an bhfráma ama gearr atá ar fáil, rinneadh an aighneacht ghearr seo i bhfoirm litreach ón Ombudsman do Leanaí, an Dr Niall Muldoon chuig Cathaoirleach an Choiste, an Dr Micheal Harty TD.

&nbsp;
